se
Is 46404986 a composite number?
True
Is 947847947 prime?
True
Is 91106353 prime?
False
Is 22752721 prime?
False
Is 959449 a prime number?
True
Is 1139531 a composite number?
False
Is 18253709 a composite number?
True
Is 43079173 prime?
False
Is 21596237 a composite number?
True
Is 1627737 composite?
True
Is 1262551 prime?
False
Is 131521723 a composite number?
False
Is 335653 a composite number?
False
Is 10546267 prime?
False
Is 16315697 a composite number?
False
Is 4019753 prime?
True
Is 7512301 prime?
False
Is 16523113 composite?
True
Is 889829 a composite number?
False
Is 40580273 a composite number?
False
Is 31984291 a composite number?
True
Is 25803373 a composite number?
True
Is 3469679 composite?
False
Is 393824777 composite?
True
Is 557194973 a prime number?
True
Is 2491991 a prime number?
False
Is 10329794 a prime number?
False
Is 62592961 a prime number?
False
Is 90147259 composite?
False
Is 690218819 prime?
False
Is 150648743 composite?
True
Is 2446739 prime?
False
Is 18473963 a prime number?
True
Is 462173663 a prime number?
False
Is 2050701 a prime number?
False
Is 477739019 composite?
False
Is 2196427 prime?
False
Is 15142219 composite?
False
Is 7392563 a prime number?
False
Is 59221759 a prime number?
True
Is 7573987 a prime number?
True
Is 15268247 composite?
True
Is 7393823 composite?
True
Is 69783121 a prime number?
False
Is 84441779 composite?
False
Is 1171699 a composite number?
False
Is 13028909 a prime number?
True
Is 12786691 composite?
False
Is 16418671 composite?
False
Is 55248757 composite?
False
Is 388921 a prime number?
False
Is 3419627 a composite number?
True
Is 8937921 a composite number?
True
Is 421679 composite?
True
Is 336397159 a prime number?
False
Is 39458515 prime?
False
Is 59987 prime?
False
Is 2883887 composite?
False
Is 13967773 a composite number?
False
Is 1841171 prime?
True
Is 166895461 composite?
True
Is 1081541 a prime number?
True
Is 13000829 prime?
True
Is 602377 a composite number?
False
Is 1192651 a composite number?
False
Is 2960129 a composite number?
False
Is 2086531 prime?
False
Is 2885723 composite?
True
Is 3517783 composite?
False
Is 16159037 prime?
True
Is 82558073 prime?
False
Is 10249009 prime?
True
Is 120860783 prime?
True
Is 458203633 a composite number?
False
Is 7904693 a prime number?
False
Is 1722587 prime?
True
Is 600405329 composite?
False
Is 345473 a prime number?
True
Is 36003379 a prime number?
True
Is 11267933 a composite number?
True
Is 997198 composite?
True
Is 68080979 composite?
True
Is 9644423 a composite number?
True
Is 35271889 a composite number?
True
Is 25038023 composite?
True
Is 150770163 a composite number?
True
Is 78164869 prime?
False
Is 12470411 prime?
False
Is 1200739 composite?
False
Is 16004929 prime?
True
Is 56682057 a prime number?
False
Is 778201 composite?
False
Is 4327685 a prime number?
False
Is 46335973 a prime number?
True
Is 34745857 composite?
True
Is 109634687 a prime number?
False
Is 2025287 composite?
True
Is 27801191 composite?
True
Is 9127445 a composite number?
True
Is 197111645 composite?
True
Is 952541 a prime number?
True
Is 3975827 prime?
True
Is 7140009 composite?
True
Is 5033383 a prime number?
True
Is 655637 prime?
True
Is 235235609 a prime number?
False
Is 31181495 a prime number?
False
Is 17664047 a prime number?
False
Is 514219 a composite number?
False
Is 23253019 composite?
False
Is 28637855 a prime number?
False
Is 118594711 a prime number?
True
Is 14933 a prime number?
False
Is 591663 prime?
False
Is 52375747 a composite number?
False
Is 345541183 a prime number?
False
Is 979883 a composite number?
False
Is 929546 a prime number?
False
Is 104865149 prime?
True
Is 185010289 a composite number?
False
Is 125701607 a composite number?
False
Is 2534593 a composite number?
False
Is 6436403 a prime number?
False
Is 1322539 composite?
True
Is 10564849 a composite number?
False
Is 943255757 composite?
False
Is 15553157 composite?
False
Is 63007631 composite?
True
Is 16267981 composite?
False
Is 4389989 a prime number?
True
Is 160414 prime?
False
Is 1221811 prime?
True
Is 2140019 prime?
False
Is 30520873 a composite number?
False
Is 21208183 composite?
False
Is 21599174 prime?
False
Is 346846441 prime?
False
Is 10258433 composite?
False
Is 6972721 a prime number?
False
Is 1513680253 a composite number?
False
Is 29237993 composite?
False
Is 80202709 composite?
True
Is 4479443 prime?
True
Is 194197 composite?
False
Is 3283849 prime?
False
Is 43061573 a composite number?
True
Is 290799709 a composite number?
False
Is 8530351 a composite number?
False
Is 96797143 composite?
True
Is 5305331 composite?
True
Is 40126469 a prime number?
True
Is 9034621 composite?
False
Is 64375259 a prime number?
False
Is 5414951 a prime number?
True
Is 23261201 a composite number?
False
Is 839910733 a prime number?
True
Is 3170603 a prime number?
True
Is 42639755 a prime number?
False
Is 165863213 prime?
False
Is 2681947 composite?
True
Is 8166553 prime?
True
Is 69127447 a composite number?
True
Is 29902661 a composite number?
True
Is 135683755 a prime number?
False
Is 718383 a prime number?
False
Is 786049811 composite?
False
Is 48371399 a composite number?
False
Is 17383827 a prime number?
False
Is 10923767 a composite number?
True
Is 17140691 composite?
False
Is 5338951 composite?
False
Is 5084539 a prime number?
False
Is 3760349 prime?
False
Is 1593289 a prime number?
False
Is 164881 composite?
False
Is 40762837 a prime number?
True
Is 182695883 prime?
True
Is 2560087 composite?
False
Is 172399655 composite?
True
Is 81495434 composite?
True
Is 8306867 a composite number?
False
Is 354754607 a composite number?
True
Is 11520827 prime?
True
Is 1193473 a prime number?
True
Is 4886051 prime?
False
Is 1908499 a composite number?
False
Is 257490683 a prime number?
True
Is 35546123 a prime number?
False
Is 46731913 a prime number?
False
Is 129540133 composite?
False
Is 5422729 a composite number?
True
Is 2699867 composite?
False
Is 361113323 composite?
True
Is 4142977 prime?
False
Is 1490857 a prime number?
False
Is 9774817 prime?
False
Is 27173869 a prime number?
True
Is 105987601 composite?
False
Is 38083237 a prime number?
True
Is 43899943 composite?
False
Is 16346581 a prime number?
False
Is 9299947 prime?
False
Is 259951 composite?
True
Is 3388169 a composite number?
False
Is 5503657 a prime number?
True
Is 35925343 a prime number?
False
Is 13051169 prime?
False
Is 8233993 a prime number?
True
Is 1836413 prime?
True
Is 90094913 composite?
False
Is 117544771 prime?
True
Is 159845531 a prime number?
True
Is 3181999 a prime number?
True
Is 8824943 prime?
False
Is 11175277 a prime number?
True
Is 11281258 a prime number?
False
Is 19266601 a prime number?
True
Is 973669 a composite number?
False
Is 3606659 a prime number?
False
Is 190930741 a prime number?
True
Is 309410537 a prime number?
True
Is 9870569 prime?
True
Is 74468371 composite?
False
Is 146290213 a composite number?
False
Is 54469873 prime?
False
Is 12136549 composite?
True
Is 103893353 a prime number?
True
Is 127015865 composite?
True
Is 78699574 a prime number?
False
Is 17724703 composite?
False
Is 32959201 composite?
True
Is 35522897 a prime number?
False
Is 29337571 a composite number?
True
Is 3113933 a composite number?
True
Is 122394829 composite?
False
Is 516658 a prime number?
False
Is 1896365 prime?
False
Is 23117 a prime number?
True
Is 165204761 prime?
True
Is 39401569 a composite number?
False
Is 40695689 composite?
False
Is 15224897 a composite number?
False
Is 996787 a composite number?
True
Is 24207737 a prime number?
False
Is 223593247 a prime number?
False
Is 12647897 composite?
False
Is 292323511 a composite number?
False
Is 18338651 a prime number?
True
Is 542891949 a prime number?
False
Is 67845361 prime?
True
Is 101745793 a composite number?
False
Is 4260167 composite?
False
Is 3032521 a prime number?
False
Is 11971853 composite?
False
Is 16762841 composite?
True
Is 479339138 a composite number?
True
Is 3735673 composite?
True
Is 612439 prime?
True
Is 34125151 composite?
True
Is 80287 a prime number?
True
Is 1736239 composite?
True
Is 47097019 a prime number?
False
Is 57565121 a composite number?
False
Is 25765933 prime?
True
Is 366211 a composite number?
False
Is 101099189 